{"id":433,"date":"2019-04-23T20:59:58","date_gmt":"2019-04-23T18:59:58","guid":{"rendered":"http:\/\/www.christa-schenk.fr\/?page_id=433"},"modified":"2026-02-10T08:36:23","modified_gmt":"2026-02-10T07:36:23","slug":"cabinet","status":"publish","type":"page","link":"https:\/\/www.christa-schenk.fr\/index.php\/cabinet\/","title":{"rendered":"Cabinet &#8211; La Maison 12<br><br><font size=\"6\">Nous sommes plusieurs th\u00e9rapeutes \u00e0 vous accueillir avec plaisir pour r\u00e9pondre au mieux \u00e0 vos besoins.<\/font>"},"content":{"rendered":"<div class=\"flex-container\">\n<div class=\"in-container\" align=\"center\"><img decoding=\"async\" class=\"img-in-container\" src=\"http:\/\/www.christa-schenk.fr\/wp-content\/uploads\/2018\/10\/christa-ext-trois-quarts-1-e1539435493364.jpg\" alt=\"Christa Schenk\"><\/div>\n<div class=\"in-container\">\n<p class=\"\" style=\"margin-left: 12px;\" align=\"left\">Christa Schenk<br \/>\nSomato-Relaxologue, Praticienne en Kin\u00e9siologie, Relation d\u2019Aide<br \/>\n<a href=\"tel:0674532323\">06 74 53 23 23<\/a><br \/>\n<a href=\"mailto:kinesio@christa-schenk.fr\">kinesio@christa-schenk.fr<\/a><br \/>\n<a href=\"https:\/\/www.christa-schenk.fr\">christa-schenk.fr<\/a><\/p>\n<\/div>\n<\/div>\n<div class=\"flex-container\">\n<div class=\"in-container\">\n<p class=\"\" style=\"margin-right: 12px;\" align=\"right\">Lucie ECALLE<br \/>\nPsychologue du Travail<br \/>\nCoach en d\u00e9veloppement personnel<br \/>\n<a href=\"tel:0689517398\">06 89 51 73 98<\/a><br \/>\n<a href=\"mailto:lucie.ecalle@gmail.com\">lucie.ecalle@gmail.com<\/a><br \/>\n<a href=\"http:\/\/www.inea-coaching.fr\">inea-coaching.fr<\/a><\/p>\n<\/div>\n<div class=\"in-container\" align=\"center\"><img decoding=\"async\" class=\"img-in-container\" src=\"http:\/\/www.christa-schenk.fr\/wp-content\/uploads\/2019\/06\/Lucie1.jpg\" alt=\"Lucie ECALLE\"><\/div>\n<\/div>\n<div class=\"flex-container\">\n<div class=\"in-container\" align=\"center\"><img decoding=\"async\" class=\"img-in-container\" src=\"http:\/\/www.christa-schenk.fr\/wp-content\/uploads\/2019\/10\/5-1.jpg\" alt=\"Aliz\u00e9e Mirvenard\"><\/div>\n<div class=\"in-container\">\n<p class=\"\" style=\"margin-left: 12px;\" align=\"left\">Aliz\u00e9e Mirvenard<br \/>\nPsychologue, Psychoth\u00e9rapeute<br \/>\n<a href=\"tel:0621429424\">06 21 42 94 24<\/a><br \/>\n<a href=\"mailto:amirvenard.psy@gmail.com\">amirvenard.psy@gmail.com<\/a><\/p>\n<\/div>\n<\/div>\n<div class=\"flex-container\">\n<div class=\"in-container\">\n<p class=\"\" style=\"margin-right: 12px;\" align=\"right\">Corinne Beauchamp EI<br \/>\nSophrologue &#8211; Praticienne en Sophrologie Dynamique\u00ae<br \/>\n<a href=\"tel:0689142353\">06 89 14 23 53<\/a><br \/>\n<a href=\"mailto:cmbeauchamp65@gmail.com\">cmbeauchamp65@gmail.com<\/a><br \/>\n<a href=\"https:\/\/www.corinnebeauchamp.fr\">corinnebeauchamp.fr<\/a><br \/>\n<a href=\"https:\/\/www.facebook.com\/people\/Corinne-Beauchamp-Sophrologue-La-Pause-Sophro\/61560699359500\/\">Facebook<\/a><\/p>\n<\/div>\n<div class=\"in-container\" align=\"center\"><img decoding=\"async\" class=\"img-in-container\" src=\"http:\/\/www.christa-schenk.fr\/wp-content\/uploads\/2023\/10\/DSC_5585_CorinneB_sophrologue-scaled.jpeg\" alt=\"Sylvie Drilleau EI\"><\/div>\n<\/div>\n<div class=\"flex-container\">\n<div class=\"in-container\" align=\"center\"><img decoding=\"async\" class=\"img-in-container\" src=\"http:\/\/www.christa-schenk.fr\/wp-content\/uploads\/2024\/11\/Portait_Sylvie_Drilleau.jpg\" alt=\"Sylvie Drilleau\"><\/div>\n<div class=\"in-container\">\n<p class=\"\" style=\"margin-left: 12px;\" align=\"left\">Sylvie Drilleau<br \/>\nPraticienne en Kin\u00e9siologie<br \/>\n<a href=\"tel:0642251158\">06 42 25 11 58<\/a><br \/>\n<a href=\"mailto:sylvie.drilleau@gmail.com\">sylvie.drilleau@gmail.com<\/a><\/p>\n<\/div>\n<\/div>\n<div class=\"flex-container\">\n<div class=\"in-container\">\n<p class=\"\" style=\"margin-right: 12px;\" align=\"right\">Val\u00e9rie Vairon<br \/>\nTh\u00e9rapeute familiale, de couple, ou individuelle et soutien \u00e0 la parentalit\u00e9<br \/>\n<a href=\"tel:0631934319\">06 31 93 43 19<\/a><br \/>\n<a href=\"http:\/\/www.therapeutefamiliale79et85.fr\">therapeutefamiliale79et85.fr<\/a><\/p>\n<\/div>\n<div class=\"in-container\" align=\"center\"><img decoding=\"async\" class=\"img-in-container\" src=\"http:\/\/www.christa-schenk.fr\/wp-content\/uploads\/2023\/10\/IMG_Valerie_Vairon.jpeg\" alt=\"Val\u00e9rie Vairon\"><\/div>\n<\/div>\n<div class=\"flex-container\">\n<div class=\"in-container\" align=\"center\"><img decoding=\"async\" class=\"img-in-container\" src=\"http:\/\/www.christa-schenk.fr\/wp-content\/uploads\/2026\/02\/Brigitte-09-scaled.jpeg\" alt=\"Brigitte Bizeul\"><\/div>\n<div class=\"in-container\">\n<p class=\"\" style=\"margin-left: 12px;\" align=\"left\">Brigitte Bizeul<br \/>\nGestalt Praticienne<br \/>\nCoach de transition personnelle et professionnelle<br \/>\n<a href=\"tel:0699515227\">06 99 51 52 27<\/a><br \/>\n<a href=\"http:\/\/www.brigittebizeul.com\/\">brigittebizeul.com<\/a><\/p>\n<\/div>\n<\/div>\n","protected":false},"excerpt":{"rendered":"<p>Christa Schenk Somato-Relaxologue, Praticienne en Kin\u00e9siologie, Relation d\u2019Aide 06 74 53 23 23 kinesio@christa-schenk.fr christa-schenk.fr Lucie ECALLE Psychologue du Travail Coach en d\u00e9veloppement personnel 06 89 51 73 98 lucie.ecalle@gmail.com inea-coaching.fr Aliz\u00e9e Mirvenard Psychologue, Psychoth\u00e9rapeute 06 21 42 94 24 amirvenard.psy@gmail.com Corinne Beauchamp EI Sophrologue &#8211; Praticienne en Sophrologie Dynamique\u00ae 06 89 14 23 53&hellip; <br \/> <a class=\"button small blue\" href=\"https:\/\/www.christa-schenk.fr\/index.php\/cabinet\/\">Lire la suite<\/a><\/p>\n","protected":false},"author":1,"featured_media":0,"parent":0,"menu_order":0,"comment_status":"closed","ping_status":"closed","template":"","meta":{"footnotes":""},"class_list":["post-433","page","type-page","status-publish","hentry"],"_links":{"self":[{"href":"https:\/\/www.christa-schenk.fr\/index.php\/wp-json\/wp\/v2\/pages\/433","targetHints":{"allow":["GET"]}}],"collection":[{"href":"https:\/\/www.christa-schenk.fr\/index.php\/wp-json\/wp\/v2\/pages"}],"about":[{"href":"https:\/\/www.christa-schenk.fr\/index.php\/wp-json\/wp\/v2\/types\/page"}],"author":[{"embeddable":true,"href":"https:\/\/www.christa-schenk.fr\/index.php\/wp-json\/wp\/v2\/users\/1"}],"replies":[{"embeddable":true,"href":"https:\/\/www.christa-schenk.fr\/index.php\/wp-json\/wp\/v2\/comments?post=433"}],"version-history":[{"count":79,"href":"https:\/\/www.christa-schenk.fr\/index.php\/wp-json\/wp\/v2\/pages\/433\/revisions"}],"predecessor-version":[{"id":813,"href":"https:\/\/www.christa-schenk.fr\/index.php\/wp-json\/wp\/v2\/pages\/433\/revisions\/813"}],"wp:attachment":[{"href":"https:\/\/www.christa-schenk.fr\/index.php\/wp-json\/wp\/v2\/media?parent=433"}],"curies":[{"name":"wp","href":"https:\/\/api.w.org\/{rel}","templated":true}]}}